{"id":11,"date":"2016-05-18T14:46:51","date_gmt":"2016-05-18T12:46:51","guid":{"rendered":"https:\/\/danet.com.pl\/?page_id=11"},"modified":"2022-03-03T20:23:59","modified_gmt":"2022-03-03T19:23:59","slug":"strna-2","status":"publish","type":"page","link":"https:\/\/danet.com.pl\/?page_id=11","title":{"rendered":"INTERNET"},"content":{"rendered":"<table style=\"width: 550px;\" border=\"1\" align=\"center\">\n<tbody>\n<tr style=\"height: 24px;\">\n<td class=\"nag\" style=\"width: 451px; height: 24px;\" colspan=\"5\" bgcolor=\"yellow\"><center><span style=\"text-decoration: underline; font-family: arial black, sans-serif;\"><strong>CENNIK US\u0141UG W\u00a0 D@NET <\/strong><\/span><\/center><center><span style=\"text-decoration: underline; font-family: arial black, sans-serif;\"><strong>obowi\u0105zuj\u0105cy od 01.03.2022<\/strong><\/span><\/center><\/td>\n<\/tr>\n<tr style=\"height: 24px;\">\n<td class=\"nag_s\" style=\"width: 451px; height: 24px;\" colspan=\"5\" bgcolor=\"yellow\"><center><strong>TECHNOLOGIA \u015aWIAT\u0141OWODOWA<\/strong><\/center><\/td>\n<\/tr>\n<tr style=\"height: 48px;\">\n<td class=\"txt\" style=\"width: 164px; height: 48px;\"><strong>Pakiet:<\/strong><\/td>\n<td class=\"txt\" style=\"width: 96px; height: 48px; text-align: center;\"><strong>D@NET NORMAL<br \/>\n<\/strong><\/td>\n<td class=\"txt\" style=\"width: 99.4px; height: 48px; text-align: center;\"><strong>D@NET SPEED<\/strong><\/td>\n<td class=\"txt\" style=\"width: 64.6px; height: 48px; text-align: center;\"><strong>D@NET\u00a0\u00a0 VIP<\/strong><\/td>\n<td class=\"txt\" style=\"width: 27px; height: 48px; text-align: center;\"><strong>D@NET ULTRA<\/strong><\/td>\n<\/tr>\n<tr style=\"height: 48px;\">\n<td class=\"txt\" style=\"width: 164px; height: 48px;\"><strong>Przepustowo\u015b\u0107 \u0142\u0105cza Download\u00a0 do:<\/strong><\/td>\n<td class=\"txt\" style=\"width: 96px; text-align: center; height: 48px;\"><strong>80Mb\/s<\/strong><\/td>\n<td class=\"txt\" style=\"width: 99.4px; text-align: center; height: 48px;\"><strong>120Mb\/s<\/strong><\/td>\n<td class=\"txt\" style=\"width: 64.6px; text-align: center; height: 48px;\"><strong>300Mb\/s<\/strong><\/td>\n<td class=\"txt\" style=\"width: 27px; text-align: center; height: 48px;\"><strong>600Mb\/s<\/strong><\/td>\n<\/tr>\n<tr style=\"height: 48px;\">\n<td class=\"txt\" style=\"width: 164px; height: 48px;\"><strong>Przepustowo\u015b\u0107 \u0142\u0105cza Upload do:<\/strong><\/td>\n<td class=\"txt\" style=\"width: 96px; height: 48px; text-align: center;\"><strong>10Mb\/s<\/strong><\/td>\n<td class=\"txt\" style=\"width: 99.4px; height: 48px; text-align: center;\"><strong>20Mb\/s<\/strong><\/td>\n<td class=\"txt\" style=\"width: 64.6px; height: 48px; text-align: center;\"><strong>30Mb\/s<\/strong><\/td>\n<td class=\"txt\" style=\"width: 27px; height: 48px; text-align: center;\"><strong>60Mb\/s<\/strong><\/td>\n<\/tr>\n<tr style=\"height: 48px;\">\n<td class=\"txt\" style=\"width: 164px; height: 48px;\" bgcolor=\"green\"><strong>Abonament (BRUTTO)<\/strong><\/td>\n<td class=\"txt\" style=\"width: 96px; height: 48px; text-align: center;\" bgcolor=\"green\"><strong>45.51 z\u0142<\/strong><\/td>\n<td class=\"txt\" style=\"width: 99.4px; height: 48px; text-align: center;\" bgcolor=\"green\"><strong>49,20 z\u0142<\/strong><\/td>\n<td class=\"txt\" style=\"width: 64.6px; height: 48px; text-align: center;\" bgcolor=\"green\"><strong>61,50 z\u0142<\/strong><\/td>\n<td class=\"txt\" style=\"width: 27px; height: 48px; text-align: center;\" bgcolor=\"green\"><strong>79,95 z\u0142<\/strong><\/td>\n<\/tr>\n<tr style=\"height: 24px;\">\n<td class=\"nag_s\" style=\"width: 451px; height: 24px;\" colspan=\"5\" bgcolor=\"yellow\"><center><strong>TECHNOLOGIA 5GHz N \/ AC<br \/>\n<\/strong><\/center><\/td>\n<\/tr>\n<tr style=\"height: 48px;\">\n<td class=\"txt\" style=\"width: 164px; height: 48px;\"><strong>Pakiet:<\/strong><\/td>\n<td class=\"txt\" style=\"width: 96px; height: 48px; text-align: center;\"><strong>D@NET 10M<\/strong><\/td>\n<td class=\"txt\" style=\"width: 99.4px; height: 48px; text-align: center;\"><strong>D@NET 15M<\/strong><\/td>\n<td class=\"txt\" style=\"width: 91.6px; height: 48px; text-align: center;\" colspan=\"2\"><strong>D@NET 25M<\/strong><\/td>\n<\/tr>\n<tr style=\"height: 48px;\">\n<td class=\"txt\" style=\"width: 164px; height: 48px;\"><strong>Przepustowo\u015b\u0107 \u0142\u0105cza Download:<\/strong><\/td>\n<td class=\"txt\" style=\"width: 96px; height: 48px; text-align: center;\"><strong>do 10Mb\/s<\/strong><\/td>\n<td class=\"txt\" style=\"width: 99.4px; height: 48px; text-align: center;\"><strong>do 15Mb\/s<\/strong><\/td>\n<td class=\"txt\" style=\"width: 91.6px; height: 48px; text-align: center;\" colspan=\"2\"><strong>do 25Mb\/s<\/strong><\/td>\n<\/tr>\n<tr style=\"height: 48px;\">\n<td class=\"txt\" style=\"width: 164px; height: 48px;\"><strong>Przepustowo\u015b\u0107 \u0142\u0105cza Upload:<\/strong><\/td>\n<td class=\"txt\" style=\"width: 96px; height: 48px; text-align: center;\"><strong>do 1Mb\/s<\/strong><\/td>\n<td class=\"txt\" style=\"width: 99.4px; height: 48px; text-align: center;\"><strong>do 1,28Mb\/s<\/strong><\/td>\n<td class=\"txt\" style=\"width: 91.6px; height: 48px; text-align: center;\" colspan=\"2\"><strong>do 2,3Mb\/s<\/strong><\/td>\n<\/tr>\n<tr style=\"height: 48px;\">\n<td class=\"txt\" style=\"width: 164px; height: 48px;\" bgcolor=\"green\"><strong>Abonament (BRUTTO)<\/strong><\/td>\n<td class=\"txt\" style=\"width: 96px; height: 48px; text-align: center;\" bgcolor=\"green\"><strong>45.51 z\u0142<\/strong><\/td>\n<td class=\"txt\" style=\"width: 99.4px; height: 48px; text-align: center;\" bgcolor=\"green\"><strong>49,20 z\u0142<\/strong><\/td>\n<td class=\"txt\" style=\"width: 91.6px; height: 48px; text-align: center;\" colspan=\"2\" bgcolor=\"green\"><strong>61,50 z\u0142<\/strong><\/td>\n<\/tr>\n<tr style=\"height: 24px;\">\n<td class=\"nag\" style=\"width: 451px; height: 24px;\" colspan=\"5\" bgcolor=\"yellow\"><center><strong>US\u0141UGI DODATKOWE W D@NET<\/strong><\/center><\/td>\n<\/tr>\n<tr style=\"height: 24px;\">\n<td class=\"nag_s\" style=\"width: 164px; height: 24px;\">Nazwa us\u0142ugi:<\/td>\n<td class=\"nag_s\" style=\"width: 195.4px; height: 24px;\" colspan=\"2\">Opis:<\/td>\n<td class=\"nag_s\" style=\"width: 64.6px; height: 24px;\">Cena:<\/td>\n<td class=\"nag_s\" style=\"width: 27px; height: 24px;\">\u00a0Dost\u0119pno\u015b\u0107<\/td>\n<\/tr>\n<tr style=\"height: 72px;\">\n<td class=\"txt\" style=\"width: 164px; height: 72px;\">Na zewn\u0105trz<\/td>\n<td class=\"txt\" style=\"width: 195.4px; height: 72px;\" colspan=\"2\">Sta\u0142y zewn\u0119trzny adres IP<\/td>\n<td class=\"txt\" style=\"width: 64.6px; height: 72px;\">Bezp\u0142atnie<\/td>\n<td class=\"txt\" style=\"width: 27px; height: 72px;\">\u00a0Wszystkie pakiety<\/td>\n<\/tr>\n<\/tbody>\n<\/table>\n<ul>\n<li>Oferta skierowana jest do os\u00f3b indywidualnych nie b\u0119d\u0105cych podmiotami gospodarczymi.<\/li>\n<\/ul>\n","protected":false},"excerpt":{"rendered":"<p>CENNIK US\u0141UG W\u00a0 D@NET obowi\u0105zuj\u0105cy od 01.03.2022 TECHNOLOGIA \u015aWIAT\u0141OWODOWA Pakiet: D@NET NORMAL D@NET SPEED D@NET\u00a0\u00a0 VIP D@NET ULTRA Przepustowo\u015b\u0107 \u0142\u0105cza Download\u00a0 do: 80Mb\/s 120Mb\/s 300Mb\/s 600Mb\/s Przepustowo\u015b\u0107 \u0142\u0105cza Upload do: 10Mb\/s 20Mb\/s 30Mb\/s 60Mb\/s Abonament (BRUTTO) 45.51 z\u0142 49,20 z\u0142 61,50 z\u0142 79,95 z\u0142 TECHNOLOGIA 5GHz N \/ AC Pakiet: D@NET 10M D@NET 15M D@NET &hellip; <a href=\"https:\/\/danet.com.pl\/?page_id=11\" class=\"more-link\">Czytaj dalej <span class=\"screen-reader-text\">INTERNET<\/span> <span class=\"meta-nav\">&rarr;<\/span><\/a><\/p>\n","protected":false},"author":1,"featured_media":0,"parent":0,"menu_order":3,"comment_status":"closed","ping_status":"closed","template":"","meta":{"footnotes":""},"class_list":["post-11","page","type-page","status-publish","hentry"],"_links":{"self":[{"href":"https:\/\/danet.com.pl\/index.php?rest_route=\/wp\/v2\/pages\/11","targetHints":{"allow":["GET"]}}],"collection":[{"href":"https:\/\/danet.com.pl\/index.php?rest_route=\/wp\/v2\/pages"}],"about":[{"href":"https:\/\/danet.com.pl\/index.php?rest_route=\/wp\/v2\/types\/page"}],"author":[{"embeddable":true,"href":"https:\/\/danet.com.pl\/index.php?rest_route=\/wp\/v2\/users\/1"}],"replies":[{"embeddable":true,"href":"https:\/\/danet.com.pl\/index.php?rest_route=%2Fwp%2Fv2%2Fcomments&post=11"}],"version-history":[{"count":20,"href":"https:\/\/danet.com.pl\/index.php?rest_route=\/wp\/v2\/pages\/11\/revisions"}],"predecessor-version":[{"id":640,"href":"https:\/\/danet.com.pl\/index.php?rest_route=\/wp\/v2\/pages\/11\/revisions\/640"}],"wp:attachment":[{"href":"https:\/\/danet.com.pl\/index.php?rest_route=%2Fwp%2Fv2%2Fmedia&parent=11"}],"curies":[{"name":"wp","href":"https:\/\/api.w.org\/{rel}","templated":true}]}}